- (-10 + 4)) + -2?
1
What is the value of -1 + -6 + 9 + -4?
-2
0 - 3 - (24 + -9 + -13)
-5
What is -1 - 4 - -4 - 2?
-3
7 - (-5 - -13 - -3)
-4
Evaluate (0 - 0) + -2 + -11 + 10.
-3
-7 + (15 - 23 - (-8 - 1))
-6
Evaluate 1 + -3 + -7 + 8.
-1
Calculate 80 - 75 - (0 - 1).
6
What is the value of (4 + -5 - -1) + (-5 - -3)?
-2
What is the value of 9 + (0 - 0) + 3 + -5?
7
63 - 76 - (-3 - 0)
-10
What is the value of -8 + (-1 - -3) + 12 + -1?
5
-5 + (2 - 3) + 2
-4
Calculate 0 + -2 + (0 - -5) - 6.
-3
Calculate 3 - (10 + -1) - (6 + -6).
-6
Evaluate 0 + 4 - 8 - 0.
-4
Evaluate (0 - -3) + 3 + -10 + 2.
-2
What is the value of 18 - 8 - (0 + 14)?
-4
What is the value of (-1 - 1) + 38 + -49 + 8?
-5
Calculate 1 + (-8 - (-3 + 2 + -1)).
-5
Evaluate 1 + 17 + (-51 - -40).
7
What is (-4 + 2 - -4) + -4?
-2
What is the value of 2 - 2 - 3 - (5 + -4)?
-4
-9 - -10 - (4 - 2)
-1
What is the value of 10 + 5 + -4 + -8?
3
Evaluate -1 + 10 - 20 - -9.
-2
What is -11 + -5 + 10 + 6?
0
Calculate 1 + 6 + -6 - 2 - -2.
1
(-7 - -12) + (1 - 10)
-4
What is (2 - (-3 + -1 + 2)) + 1?
5
Evaluate 17 - 20 - (2 - 0).
-5
What is -4 - -2 - -1 - (23 + -19)?
-5
Evaluate (-3 - 3) + -10 + (21 - -2).
7
What is the value of 3 + (-4 - 0) - (3 + -8)?
4
What is the value of -5 - (1 + -4 + 0)?
-2
Calculate 0 - (-1 + -2 - (-3 + 2)).
2
Calculate 2 + 6 + -1 - (0 + 1).
6
What is (7 - 1) + -12 + (1 - 0)?
-5
Evaluate -11 - -7 - (-1 - 4).
1
What is the value of 3 + (19 + -23 - (0 + 1))?
-2
-24 + 22 + (5 - -2)
5
What is 0 + (0 - -3) + (-2 - -3)?
4
Calculate (16 + -8 - 13) + (3 - -8).
6
What is the value of 0 - (0 + -3) - 2?
1
What is the value of 15 - (4 - (-7 + 0))?
4
What is -3 + (2 + -1 - 3) + 0?
-5
Calculate -7 + (0 + -1 - 4 - -19).
7
What is the value of -7 + 6 + 6 + -3?
2
Calculate -2 + -5 - (9 - 14).
-2
Evaluate -4 - -3 - (6 + -2).
-5
What is the value of -11 - -24 - (7 - -1)?
5
What is (2 + -3 - -3) + -6 + 3?
-1
(-8 + 8 - (0 - 0)) + -2
-2
What is 5 - ((-7 - -4) + 7)?
1
Evaluate 14 - (-7 - (-20 + 0)).
1
Evaluate (1 - (-1 + -1)) + 3 + -5.
1
What is -3 + 5 + (5 - 0 - 3)?
4
What is the value of (-4 - (12 + -6)) + (8 - 6)?
-8
1 + 3 - (-4 - (5 + -10))
3
Evaluate -14 + (-2 - (-7 + -6)).
-3
What is (1 - 1) + 0 + 3 - 4?
-1
What is the value of (4 - 3) + (8 - 4) - 7?
-2
Evaluate (3 - 6 - (1 + -3)) + 6.
5
Calculate 2 + (-5 - ((5 - 9) + -2)).
3
What is the value of -1 - (11 + (13 - 34))?
9
(-84 - -70) + 2 + 4
-8
-1 + (3 + 0 - 3 - -3)
2
(-1 - -1) + 26 + -31
-5
What is -2 + (14 - 6) + (-4 - 0)?
2
What is 1 + -6 + -2 - -3?
-4
-1 - -3 - (3 - (-2 - -5))
2
Evaluate (25 - 28) + (3 - 7) + 5.
-2
What is the value of -4 + 5 + -8 - (24 - 22)?
-9
What is 3 + 9 - (16 + -9)?
5
6 + 4 + (-9 - -3)
4
What is the value of (2 + 3 - -1) + -1?
5
Calculate 1 + -1 - -5 - (-83 - -96).
-8
Calculate -3 + (-2 - 3) - (7 - 11).
-4
5 + ((-3 - -3) + -11 - -7)
1
What is the value of (-2 - (6 - 1)) + 3?
-4
What is 0 - -10 - (-88 - -92)?
6
Evaluate 2 + -1 + -1 + (-67 - -62).
-5
What is the value of (1 - 7) + (-42 - -59) - 6?
5
Evaluate -1 + -2 - (4 + -3) - -1.
-3
Calculate -9 - -1 - (-19 + 19 - -1).
-9
What is 3 + -9 - (-1 + (3 - 15))?
7
What is the value of -3 + (-2 + 3 - 0)?
-2
What is -5 + 2 + (1 - (0 + -3))?
1
What is 3 + (-2 - (1 - 0))?
0
Calculate (0 - -5) + -14 + 13.
4
1 + (0 - -2) + 55 + -63
-5
Calculate (-7 - -3) + 0 - 1.
-5
Evaluate 0 + -3 + -5 + 3.
-5
Calculate 15 + (2 - -4 - 15).
6
Calculate (0 - -1) + -1 + 15 + -10.
5
Evaluate -1 - (2 + -5 - -2).
0
2 + -2 + 8 + -3
5
Evaluate -5 + 1 + -4 - -5.
-3
What is the value of -11 + (1 - 0 - -6)?
-4
(-3 + 3 - 3) + -2 + 2
-3
Calculate (24 - 18) + -5 + -2.
-1
Calculate -7 + 5 + 4 + -6.
-4
-1 + (4 - 11 - -4) + 1
-3
What is the value of 0 + -1 + 3 + 3?
5
What is the value of 5 + -2 - (32 - 26)?
-3
What is the value of -7 + (7 + -5 + 3 - 0)?
-2
Calculate -125 + 125 - (9 - 0).
-9
What is the value of (-3 + 8 - 5) + -1 + -1?
-2
What is the value of -1 + (1 - 2) + 4 + -7?
-5
What is -4 - -7 - 4 - 3?
-4
What is 18 + -43 + 21 + (12 - 0)?
8
2 - (1 - 5 - (-2 + -9))
-5
What is -72 - -87 - (7 + 1)?
7
Calculate (17 - 8) + 3 + -9.
3
Evaluate 14 + (-19 - (-12 + 11)).
-4
What is -11 + -5 + (21 - 4)?
1
What is 1 + -4 - -1 - (-3 + 3)?
-2
-5 + (23 + -23 - (-1 + 2))
-6
(1 - 5) + -7 + 2
-9
What is (-2 - (3 - 4)) + 0 + 7?
6
-2 + 0 - (3 - 7)
2
Calculate (2 - (6 - 3)) + -1.
-2
-12 - (-7 - (-2 + 1))
-6
-1 - (-1 + 12 + -5)
-7
What is the value of 7 + -7 + 6 + -6?
0
(0 - 0) + -5 + 5 + -2
-2
Calculate -5 - (0 - 2) - (56 + -55).
-4
What is -20 + 17 + (0 - 1)?
-4
(6 - 17) + 6 - -3
-2
Evaluate (3 + (3 - 6) - 3) + 0.
-3
What is the value of 4 + 0 + -1 + 6 + -7?
2
What is the value of 0 - 1 - (-2 + 2 + -4)?
3
(10 - (-3 - -20)) + 2
-5
Calculate 8 + (3 - (7 + 0 + 0)).
4
2 + -1 - (1 - -1)
-1
Evaluate 0 - 9 - (7 - 15).
-1
What is the value of 2 + (18 + -23 - (1 + -8))?
4
Evaluate -5 + (5 + (-1 - 7) - -5).
-3
What is the value of 8 + (-4 - (-3 + 8))?
-1
Calculate -1 - (-1 + (4 - 1)).
-3
Evaluate 3 - (1 - (2 + 2) - -7).
-1
4 - (1 + -1 + (0 - -1))
3
Calculate -5 + (-4 - (-24 - -12)).
3
What is the value of 8 + -6 + (-2 - -1)?
1
(3 - 2 - 2 - -1) + 0
0
(5 - 3) + (-2 - -1) - -1
2
What is the value of 8 + -4 + -4 - -1?
1
What is the value of -4 + 1 + 9 + (-6 - 2)?
-2
What is 10 - 8 - (6 + 3 + -4)?
-3
0 - ((2 - (9 - 6)) + 1)
0
Evaluate 5 + (-4 - 0) + (4 - 1).
4
Evaluate 13 + 3 + (-7 - -4) - 7.
6
What is 20 - (24 + -11 - 3)?
10
What is the value of 4 + (-5 - -8 - 4 - 9)?
-6
What is the value of 6 + 3 + (-6 - (-3 + 3))?
3
What is the value of 6 + -8 - (4 - 1)?
-5
What is -4 - (-6 - (2 + -11))?
-7
Calculate 6 - (1 - (-6 + 0)).
-1
What is the value of -5 - (5 + 2 - 7)?
-5
Calculate -3 + -3 + (0 - (-2 - 2)).
-2
What is 0 + 4 + 7 + -2 + -2?
7
What is 7 + -6 - (6 + -1)?
-4
What is 5 + -3 + -3 + 3 + -2?
0
What is the value of -7 + (-3 - (1 + -9))?
-2
Evaluate -1 + 1 - (13 + -8 + -4).
-1
Evaluate 8 + -1 - 13 - -6 - -7.
7
Calculate -6 + (-3 - (-4 - (8 - 6))).
-3
What is 4 + -4 - (-1 - (1 + 2))?
4
Evaluate 0 - (10 - (11 + -8)).
-7
Calculate 11 + -7 + -6 + 1 + 0.
-1
-5 + (4 + -1 - (-1 - -2))
-3
Evaluate 2 + (6 - 5) - -1.
4
What is 5 - 6 - (9 - -5) - -6?
-9
Evaluate 6 + (1 - (0 + -4)) + -21.
-10
Calculate (4 - 1) + -1 + -1 + -5.
-4
What is the value of 20 + -24 - (1 + -7)?
2
What is the value of -2 + (-2 - 0) - (18 - 26)?
4
-2 - (-4 - -4 - (-1 + -1))
-4
Calculate 1 + 6 - (33 - 31).
5
Evaluate 1 + -3 + (-3 - -9) + -9.
-5
What is -5 + (1 - -4) + 3 - -1?
4
Evaluate (-10 - -10) + 3 - 1.
2
Evaluate (9 - 20 - -13) + (0 - -3).
5
What is (5 + -5 + 1 - 3) + -3?
-5
Evaluate -9 + 2 + 4 + 1 + -2.
-4
What is 1 + 2 - (7 + -4 + 4)?
-4
What is the value of -1 + 4 + (4 - (-5 - -9))?
3
Calculate -1 - (3 - 3) - -5.
4
Evaluate -1 - (-3 + 1 + 0 - 3).
4
Evaluate -1 + 2 + 0 + (-2 - -5).
4
What is the value of (4 - 5 - 10) + 6 + 0?
-5
What is the value of -2 - (0 + (-13 + 4 - -3))?
4
What is 1 - 0 - (6 - (3 + 1))?
-1
Evaluate 2 + (-6 - (2 + -3 + -1)).
-2
-7 - (6 + -4 - 8 - -3)
-4
Evaluate (2 + -4 + 2 - 3) + 0.
-3
What is the value of 19 - 27 - (-4 + -2)?
-2
Evaluate -1 + (5 - -1 - 0).
5
Calculate 1 + (-5 - (-4 - (-5 - -1))).
-4
(9 - (10 + 5)) + 11
5
What is 8 + (-4 - 3) - -5?
6
Evaluate (5 - 2) + -4 + 2.
1
Evaluate 0 + (-4 - (0 + -8)).
4
Calculate 4 + -1 + -15 + 3.
-9
Evaluate -3 - (0 + -1 + -3) - -4.
5
What is the value of -1 - -1 - (-56 - -50)?
6
Calculate -3 - (-4 + (-4 - -1)).
4
What is the value of (1 - 3) + -108 + 111?
1
(-2 + -1 - -10 - 15) + 9
1
11 + -15 + 7 - (-2 + -2)
7
Calculate -1 - -8 - (-3 + (5 - 0)).
5
What is (11 - 5) + (-7 - 2)?
-3
What is the value of 2 + (3 - 4) - 3?
-2
What is (0 - (-2 - -4)) + 2?
0
(8 - 6) + 6 + 0 + -2
6
Calculate (3 - (-3 + 5)) + -3 - -3.
1
What is the value of -11 + (8 + -12 - -16)?
1
1 + -4 + (8 - 3)
2
Calculate 2 - (-10 - -3 - -6).
3
Calculate 10 + 4 - (14 - (4 - -3)).
7
Calculate 17 + -13 + -4 + 9 + -1.
8
What is the value of 2 + -8 + (-7 - -18)?
5
Calculate 3 + (-2 - 1) + (16 - 11).
5
2 + 2 + -8 + -2 + 2
-4
Evaluate ((0 - 1) + 1 - -1) + 3.
4
What is the value of -2 + 3 - (-2 + 1 + 2)?
0
What is the value of -1 - (3 - 3) - -1?
0
What is -1 - (5 - (1 - -3) - 1)?
-1
What is the value of 2 + (-1 - 0) + -2?
-1
Evaluate (-1 - (5 - 5)) + 3.
2
What is the value of -3 - -9 - (1 - -4) - 6?
-5
What is -8 + (0 - (-9 + 6))?
-5
Evaluate 3 - 7 - (-1 - -3